) = -6*s**2 + 200*s - 66. Calculate i(33).
0
Let a(b) = 8*b**2 + 71*b - 14. What is a(-9)?
-5
Let u(k) = k + 10. What is u(3)?
13
Let j(y) = 33*y + 760. Calculate j(-23).
1
Let j(z) = 8*z - 14. What is j(1)?
-6
Let g(o) = 10*o + 24. Determine g(-8).
-56
Let u(h) = -87*h**2 - 2. Calculate u(1).
-89
Let s(l) = -l**3 - 18*l**2 - 16*l + 30. Calculate s(-17).
13
Let d(c) = -c - 79. Give d(0).
-79
Let f(y) = -y - 13. Determine f(-19).
6
Let n(a) = -56*a**2 + 9*a - 11. Calculate n(1).
-58
Let n(z) = -5*z**2 - 2. Give n(-1).
-7
Let v(r) = 3*r**3 - 9*r**2 + 4. Determine v(3).
4
Let g(f) = -3*f - 12. What is g(-3)?
-3
Let m(d) = -d**3 + 11*d**2 + 2*d + 1. Calculate m(11).
23
Let i(u) = u**3 + 11*u**2 + 28*u. What is i(-4)?
0
Let k(d) = 3*d**3 - d**2 - d - 4. Give k(2).
14
Let z(y) = y**2 - 14*y + 16. Calculate z(11).
-17
Let s(j) = -j**3 + 4*j**2 + j + 18. Give s(5).
-2
Let k(j) = -2*j + 37. Give k(0).
37
Let n(g) = g**3 + 5*g**2 - 19*g - 5. Calculate n(-8).
-45
Let l(n) = -23*n + 465. Give l(20).
5
Let c(w) = w**3 - 8*w**2 - 2*w + 22. Give c(8).
6
Let k(u) = u**3 + 11*u**2 + 16*u - 15. What is k(-9)?
3
Let g(j) = -12*j + 67. What is g(6)?
-5
Let x(q) = q + 2. Calculate x(6).
8
Let x(k) = k - 20. Give x(22).
2
Let x(g) = -g**2 + 7*g + 5. What is x(7)?
5
Let a(o) = o - 32. Determine a(20).
-12
Let r(f) = f + 17. Calculate r(-8).
9
Let d(u) = 7*u**2 + 2*u - 1. Determine d(-1).
4
Let q(d) = -2*d - 9. Give q(3).
-15
Let i(c) = -c**3 - 6*c**2 + 19*c + 86. Give i(-7).
2
Let t(w) = 4*w + 124. What is t(0)?
124
Let a(g) = -2*g**2 + 1. What is a(1)?
-1
Let f(p) = 3*p - 34. Calculate f(5).
-19
Let x(q) = q**3 - 4*q**2 - 2*q + 5. Calculate x(6).
65
Let a(d) = -d**3 + 16*d**2 - 33*d + 20. Give a(14).
-50
Let o(l) = -l**3 + l**2 - 6*l + 9. Determine o(3).
-27
Let y(a) = 8*a + 7. What is y(9)?
79
Let p(m) = 19*m - 26. Determine p(1).
-7
Let b(g) = g**3 + 12*g**2 - 17*g + 17. Calculate b(-13).
69
Let b(z) = -4*z + 46. Calculate b(9).
10
Let h(z) = 3*z**2 + 18*z - 15. Give h(-8).
33
Let w(a) = -32*a**2 - 8*a - 7. Calculate w(-1).
-31
Let l(t) = 2*t**2 - 6*t - 4. Determine l(6).
32
Let i(y) = -y + 5. Determine i(0).
5
Let t(i) = -2*i**2 + 30*i + 5. Give t(15).
5
Let s(n) = -40*n + 9. Calculate s(-2).
89
Let t(p) = -p**2 + 16*p - 15. Calculate t(7).
48
Let k(r) = -r**2 + 11*r + 9. What is k(12)?
-3
Let a(f) = -2*f**2 - 2. Determine a(-2).
-10
Let q(j) = j**2 - 13*j. Calculate q(9).
-36
Let l(m) = m**3 - 12*m**2 - 29*m + 18. What is l(14)?
4
Let o(q) = -q**2 - 26*q + 3. Determine o(-27).
-24
Let t(c) = -c**2 - 2*c - 1. Calculate t(2).
-9
Let i(r) = -13*r - 3. Determine i(-2).
23
Let i(k) = k**2 - 3*k + 2. Give i(3).
2
Let d(x) = 3*x - 42. Give d(6).
-24
Let f(x) = x**3 + 13*x**2 + 26*x - 7. What is f(-11)?
-51
Let o(s) = 3*s + 16. Determine o(-5).
1
Let q(z) = -z**3 + 7*z**2 + 16*z + 21. Give q(9).
3
Let o(w) = 2*w + 12. What is o(-6)?
0
Let q(m) = m**3 + 8*m**2 + 11*m + 13. Determine q(-7).
-15
Let j(o) = -o**2 + 28. Calculate j(5).
3
Let r(p) = -11*p + 245. Give r(22).
3
Let u(k) = -4*k**3 + 2*k**2 + 2*k - 3. What is u(1)?
-3
Let b(n) = -n**3 + 3*n**2 - 12*n + 4. Give b(5).
-106
Let j(k) = -k**2 - 5*k + 3. What is j(3)?
-21
Let t(m) = m**2 + 34*m - 63. Calculate t(-36).
9
Let n(a) = 10*a + 2. What is n(-5)?
-48
Let s(v) = v**3 - 6*v**2 + 3*v + 4. Determine s(6).
22
Let w(a) = -5*a**3 + 25*a**2 - 2*a + 6. Give w(5).
-4
Let y(c) = -c**2 + 4*c - 5. Calculate y(1).
-2
Let d(q) = -5*q - 3. Determine d(-5).
22
Let s(y) = y**2 - 4*y - 6. Determine s(6).
6
Let u(w) = 7*w**2 - 54*w - 10. What is u(8)?
6
Let l(t) = t**2 + 11*t + 21. What is l(-9)?
3
Let h(y) = 2*y - 20. Determine h(-3).
-26
Let f(s) = -2*s + 9. Calculate f(4).
1
Let v(u) = u**2 + 4*u - 13. Calculate v(-9).
32
Let t(q) = -2*q**3 + 5*q**2 + 39*q + 12. Determine t(-3).
-6
Let u(s) = -s**2 + 4*s. Give u(-3).
-21
Let w(v) = -3*v**2 - 3*v + 1. Calculate w(-2).
-5
Let a(u) = -u**2 - 2*u + 16. What is a(3)?
1
Let n(x) = -3*x + 33. Give n(9).
6
Let c(t) = -t**2 + 11*t - 30. What is c(5)?
0
Let o(i) = i**2 + 4*i - 16. Give o(-7).
5
Let j(q) = -q**3 + q - 26. Calculate j(0).
-26
Let v(p) = 2*p + 17. Give v(13).
43
Let l(o) = -9*o + 7. What is l(-3)?
34
Let d(y) = y**2 - 4*y + 1. What is d(2)?
-3
Let c(w) = -4*w**2 - 5*w + 5. Calculate c(1).
-4
Let u(s) = -11*s. Calculate u(0).
0
Let k(b) = b**2 - 2*b - 2. Determine k(-1).
1
Let x(a) = a**3 + a**2 + a + 2. Calculate x(-5).
-103
Let n(x) = x**3 - 15*x**2 - x + 23. Determine n(15).
8
Let s(f) = 2*f**3 - 20*f**2 + 6. Calculate s(10).
6
Let o(q) = -2*q**2 - q - 73. What is o(0)?
-73
Let w(c) = c**3 + 7*c**2 + 8*c + 1. What is w(-8)?
-127
Let z(a) = -a**3 - 18*a**2 - 67*a - 14. What is z(-5)?
-4
Let u(f) = -3*f - 21. Determine u(14).
-63
Let v(x) = -x**3 - 13*x**2 - 23*x + 9. Give v(-10).
-61
Let d(y) = 3*y**2 - y + 2. Give d(-2).
16
Let z(g) = -2*g**2 + 3*g + 4. Give z(3).
-5
Let q(a) = a. Give q(-8).
-8
Let b(u) = 12*u + 1. Determine b(2).
25
Let r(w) = 7*w**2 - 8*w - 7. Calculate r(-2).
37
Let x(o) = 2*o**2 + o + 2. Determine x(-2).
8
Let k(f) = -7*f**2 + 1. Determine k(1).
-6
Let g(q) = -q**2 - 7*q - 14. What is g(-5)?
-4
Let f(h) = -9*h**3 + 3*h**2 - 4*h + 5. Calculate f(2).
-63
Let w(g) = -5*g - 21. Determine w(-4).
-1
Let t(y) = 5*y**3 - y. Give t(1).
4
Let t(o) = 3*o**3 - 4*o**2 + o + 3. Calculate t(2).
13
Let v(o) = o**3 + 3*o**2 + 2*o + 4. Calculate v(-3).
-2
Let m(g) = g**2 + 11*g + 20. Determine m(-6).
-10
Let k(h) = -h**2 + 17*h - 27. Give k(16).
-11
Let z(n) = -2*n**3 + 4*n**2 + 2*n - 1. Calculate z(-2).
27
Let c(n) = -n - 13. Give c(-7).
-6
Let b(t) = t**3 + 4*t**2 - 6*t - 6. What is b(-4)?
18
Let k(z) = z**3 - 19*z**2 + 20*z + 6. Calculate k(18).
42
Let l(r) = -2*r**2 + 9*r + 1. Give l(5).
-4
Let a(l) = l**3 + 8*l**2 + 6*l - 3. Give a(-7).
4
Let z(b) = b - 88. Give z(88).
0
Let w(y) = -14*y + 2. Calculate w(5).
-68
Let q(v) = -8*v + 2. What is q(6)?
-46
Let q(z) = z + 41. Determine q(16).
57
Let j(u) = -u**2 + 9*u + 1. Determine j(10).
-9
Let r(f) = -f**3 + 9*f**2 - 17*f - 16. What is r(4)?
-4
Let k(p) = -p + 11. Determine k(-24).
35
Let h(o) = -o**3 + o**2 + 2*o + 2. Determine h(2).
2
Let d(w) = w**2 - 12*w + 21. Determine d(10).
1
Let x(j) = -4*j + 32. Determine x(14).
-24
Let g(i) = -2*i**3 - 10*i**2 + 4*i + 16. Calculate g(-5).
-4
Let w(k) = -k**2 - 3*k - 3. What is w(-3)?
-3
Let l(r) = r**3 + 10*r**2 - 19*r - 6. Calculate l(-11).
82
Let a(t) = -t**2 - 8*t - 11. Calculate a(-6).
1
Let g(c) = c**3 + 8*c**2 + 6*c + 12. Give g(-7).
19
Let r(v) = v - 13. Give r(6).
-7
Let r(s) = 18*s - 73. Calculate r(4).
-1
Let y(u) = u - 1. Give y(9).
8
Let m(n) = -n**2 + 8*n + 14. Determine m(9).
5
Let s(k) = -k**3 + 9*k**2 - 2*k + 11. What is s(9)?
-7
Let j(a) = -2*a**2 + 3*a - 1. Calculate j(2).
-3
Let f(h) = h**2 + 2*h - 7. What is f(2)?
1
Let d(k) = -6*k - 95. What is d(-15)?
-5
Let x(a) = -4*a - 15. What is x(-5)?
5
Let z(v) = 8*v - 6. Determine z(5).
34
Let m(s) = -7*s + 24. Determine m(6).
-18
Let v(p) = -2*p**2 + 42*p - 109. What is v(18)?
-1
Let t(s) = s**3 + 5*s**2 - 6*s + 17. Give t(-7).
-39
Let p(z) = -2*z + 16. Determine p(11).
-6
Let h(a) = 31*a + 8. Determine h(1).
39
Let n(g) = 8*g**3 + 7*g**2 + g - 1. What is n(-2)?
-39
Let k(q) = -19*q - 58. Calculate k(-4).
18
Let x(i) = i**3 + 8*i**2 + 10*i - 4. Give x(-2).
0
Let f(b) = -5*b**3 - 94*b**2 + 17*b - 41. Calculate f(-19).
-3
Let d(w) = 10*w + 2. Determine d(-5).
-48
Let b(k) = -12*k - 69. Calculate b(-6).
3
Let k(r) = 5*r**3 + 7*r**2 + 7*r + 1. Give k(-1).
-4
Let v(a) = 4*a**3 - 2*a + 2. Give v(2).
30
Let f(y) = -2*y**3 + 3*y + 7. Calculate f(0).
7
Let d(v) = 2*v**2 - 3*v - 43. What is d(6)?
11
Let v(a) = -5*a**2 + 2*a + 3. Determine v(3).
-36
Let f(o) = 2*o**3 - 11*o**2 + 7*o + 1. Give f(5).
11
Let s(p) = 16*p + 1. Determine s(2).
33
Let n(d) = 18*d + 30. Calculate n(3).
84
Let j(z) = z**2 + 14*z - 26. Calculate j(-14).
-26
Let d(b) = b**3 + 17*b**2 - 21*b - 44. Calculate d(-18).
10
Let m(v) = v**3 - 12*v**2 + 5*v - 54. Give m(12).
6
Let p(c) = -c**2 + 45*c + 892. Determine p(60).
-8
Let m(j) = -j**2 - 9*j - 4. Calculate m(-9).
-4
Let b(n) = -2*n**3 + 39*n**2 + 19*n + 25. Give b(20).
5
Let m(h) = -4*h - 56. Calculate m(-14).
0
Let j(n) = 5*n**2 - n. Give j(1).
4
Let g(p) = -p + 25. Determine g(9).
16
Let p